7?
False
Is 13 a factor of 247?
True
Is 1254 a multiple of 66?
True
Is 32 a factor of 805?
False
Does 77 divide 127?
False
Does 7 divide 6395?
False
Is 102 a multiple of 4?
False
Is 8 a factor of 17?
False
Is 25 a multiple of 3?
False
Does 12 divide 900?
True
Is 60 a factor of 360?
True
Is 1056 a multiple of 12?
True
Is 84 a factor of 821?
False
Does 19 divide 14117?
True
Is 23323 a multiple of 7?
False
Is 1288 a multiple of 92?
True
Is 8 a factor of 14940?
False
Does 11 divide 737?
True
Is 12 a factor of 60?
True
Is 8 a factor of 205?
False
Is 3261 a multiple of 7?
False
Is 2119 a multiple of 45?
False
Is 3 a factor of 129?
True
Is 69 a factor of 85?
False
Is 12005 a multiple of 113?
False
Does 9 divide 76839?
False
Does 14 divide 11438?
True
Does 52 divide 4810?
False
Is 4500 a multiple of 18?
True
Does 9 divide 315?
True
Is 5181 a multiple of 48?
False
Is 39 a factor of 624?
True
Is 78148 a multiple of 9?
False
Is 237 a factor of 36497?
False
Is 31 a factor of 380?
False
Does 5 divide 260?
True
Is 2016 a multiple of 24?
True
Is 5752 a multiple of 14?
False
Is 2 a factor of 998?
True
Is 12 a factor of 1944?
True
Is 331 a factor of 68848?
True
Is 333 a factor of 30303?
True
Is 32 a factor of 21600?
True
Does 75 divide 2796?
False
Is 15040 a multiple of 32?
True
Is 14 a factor of 630?
True
Does 78 divide 4758?
True
Does 22 divide 682?
True
Does 89 divide 801?
True
Is 59 a factor of 1158?
False
Is 1320 a multiple of 62?
False
Is 5107 a multiple of 15?
False
Is 73 a factor of 4685?
False
Is 102 a factor of 1122?
True
Is 10 a factor of 2361?
False
Does 20 divide 9096?
False
Is 32410 a multiple of 7?
True
Is 2100 a multiple of 60?
True
Is 49 a factor of 2107?
True
Does 55 divide 145?
False
Is 31 a factor of 104773?
False
Does 64 divide 162880?
True
Is 437 a multiple of 12?
False
Is 57 a factor of 1596?
True
Is 9 a factor of 497?
False
Is 11119 a multiple of 78?
False
Does 37 divide 2632?
False
Is 1894 a multiple of 22?
False
Is 1439 a multiple of 5?
False
Does 15 divide 22005?
True
Does 5 divide 8064?
False
Is 660 a multiple of 20?
True
Is 8319 a multiple of 33?
False
Is 150 a factor of 2850?
True
Is 7 a factor of 1407?
True
Is 79 a multiple of 5?
False
Is 17 a factor of 51?
True
Does 10 divide 4900?
True
Is 42 a factor of 584?
False
Is 380 a multiple of 39?
False
Is 1106 a multiple of 79?
True
Is 11 a factor of 330?
True
Is 540 a multiple of 36?
True
Does 32 divide 384?
True
Does 13 divide 340?
False
Is 1826 a multiple of 22?
True
Is 1026 a multiple of 18?
True
Does 15 divide 3366?
False
Does 10 divide 420?
True
Is 15367 a multiple of 2?
False
Is 101 a factor of 1822?
False
Does 15 divide 16170?
True
Is 55 a factor of 7645?
True
Does 4 divide 3029?
False
Does 11 divide 1551?
True
Is 39 a multiple of 39?
True
Is 38884 a multiple of 6?
False
Is 6630 a multiple of 39?
True
Is 15 a factor of 25335?
True
Does 14 divide 4452?
True
Does 7 divide 3576?
False
Is 51787 a multiple of 47?
False
Is 735 a multiple of 21?
True
Is 134 a multiple of 2?
True
Is 252 a multiple of 4?
True
Is 14 a factor of 644?
True
Does 98 divide 8232?
True
Does 166 divide 3154?
True
Is 234 a multiple of 13?
True
Is 9399 a multiple of 33?
False
Is 60 a multiple of 2?
True
Is 73 a factor of 1545?
False
Does 15 divide 66677?
False
Does 12 divide 39685?
False
Is 2142 a multiple of 102?
True
Is 561 a multiple of 17?
True
Does 108 divide 68148?
True
Does 26 divide 40627?
False
Does 9 divide 9?
True
Is 16 a factor of 245?
False
Is 87 a factor of 11608?
False
Is 29 a factor of 791?
False
Is 8 a factor of 72?
True
Does 11 divide 21164?
True
Is 670 a multiple of 95?
False
Is 29552 a multiple of 49?
False
Is 34 a factor of 4167?
False
Does 7 divide 5628?
True
Does 6 divide 138?
True
Does 2 divide 96?
True
Is 4 a factor of 140?
True
Is 727 a multiple of 4?
False
Is 83 a factor of 27722?
True
Is 67 a multiple of 26?
False
Is 785 a multiple of 63?
False
Is 663 a multiple of 14?
False
Is 3 a factor of 2366?
False
Does 29 divide 437?
False
Is 2840 a multiple of 40?
True
Does 8 divide 588?
False
Is 111 even?
False
Does 4 divide 8130?
False
Is 53 a factor of 10335?
True
Does 19 divide 22143?
False
Is 345 a factor of 56925?
True
Is 13 a factor of 18931?
False
Is 842 a multiple of 9?
False
Is 11 a factor of 1317?
False
Does 15 divide 900?
True
Is 21631 a multiple of 35?
False
Does 9 divide 81?
True
Is 1188 a multiple of 9?
True
Does 23 divide 6774?
False
Does 16 divide 42337?
False
Is 8 a factor of 315?
False
Is 172431 a multiple of 153?
True
Is 20559 a multiple of 231?
True
Is 125 a multiple of 6?
False
Is 5490 a multiple of 30?
True
Is 73771 a multiple of 17?
False
Is 9780 a multiple of 6?
True
Is 41 a factor of 328?
True
Does 10 divide 18318?
False
Does 29 divide 21272?
False
Is 49 a factor of 6566?
True
Does 363 divide 11979?
True
Does 21 divide 336?
True
Does 16 divide 256?
True
Is 100 a factor of 4700?
True
Does 42 divide 4662?
True
Is 8976 a multiple of 48?
True
Is 21 a factor of 13881?
True
Is 20033 a multiple of 13?
True
Is 4 a factor of 32309?
False
Is 8172 a multiple of 12?
True
Is 15840 a multiple of 11?
True
Is 5 a factor of 1173?
False
Is 2860 a multiple of 19?
False
Does 22 divide 10802?
True
Is 28 a factor of 140?
True
Is 92 a factor of 7728?
True
Is 16 a factor of 896?
True
Does 4 divide 1900?
True
Is 20 a factor of 12869?
False
Is 15 a factor of 480?
True
Does 20 divide 19928?
False
Is 10 a factor of 23060?
True
Is 23 a factor of 1840?
True
Is 11818 a multiple of 27?
False
Is 11 a factor of 1510?
False
Is 2265 a multiple of 11?
False
Is 6599 a multiple of 29?
False
Is 55 a factor of 77425?
False
Does 29 divide 2668?
True
Is 22 a factor of 2706?
True
Does 10 divide 718?
False
Does 6 divide 534?
True
Is 82 a factor of 3451?
False
Does 9 divide 333?
True
Is 7428 a multiple of 14?
False
Does 11 divide 682?
True
Does 9 divide 27?
True
Does 8 divide 30632?
True
Is 420 a multiple of 28?
True
Does 9 divide 1251?
True
Is 3931 a multiple of 80?
False
Is 2800 a multiple of 28?
True
Is 4 a factor of 31027?
False
Is 3300 a multiple of 10?
True
Does 16 divide 2023?
False
Is 170 a factor of 58650?
True
Is 57 a factor of 43206?
True
Is 383 a multiple of 47?
False
Does 22 divide 6600?
True
Does 32 divide 1318?
False
Is 48 a factor of 231?
False
Is 207 a multiple of 2?
False
Is 12 a factor of 471?
False
Is 340 a multiple of 17?
True
Is 24 a factor of 360?
True
Is 19 a factor of 393?
False
Is 4476 a multiple of 3?
True
Does 5 divide 430?
True
Does 15 divide 2295?
True
Is 2287 a multiple of 35?
False
Does 86 divide 3029?
False
Is 73 a factor of 2904?
False
Is 26 a factor of 2340?
True
Is 3 a factor of 156?
True
Is 5336 a multiple of 92?
True
Is 1764 a multiple of 38?
False
Does 48 divide 288?
True
Is 5 a factor of 10585?
True
Is 8 a factor of 7080?
True
Does 24 divide 120?
True
Is 12 a factor of 57756?
True
Is 22 a factor of 28138?
True
Is 114 a multiple of 74?
False
Is 10 a factor of 3290?
True
Is 175 a factor of 50050?
True
Is 14 a factor of 974?
False
Is 8 a factor of 35848?
True
Is 1161 a multiple of 66?
False
Is 18722 a multiple of 22?
True
Is 6 a factor of 2424?
True
Is 22 a factor of 188?
False
Does 6 divide 17?
False
Does 18 divide 4209?
False
Is 9 a factor of 3744?
True
Is 23839 a multiple of 31?
True
Is 11775 a multiple of 7?
False
Is 722 a multiple of 40?
False
Is 8 a factor of 26819?
False
Does 191 divide 22729?
True
Does 89 divide 53756?
True
Does 250 divide 45750?
True
Does 94 divide 3290?
True
Does 11 divide 4070?
True
Is 43 a factor of 1037?
False
Is 756 a multiple of 84?
True
Does 17 divide 30?
False
Is 2631 a multiple of 97?
False
Does 73 divide 99718?
True
Is 189 a multiple of 9?
True
Is 30552 a multiple of 19?
True
Is 5108 a multiple of 78?
False
Does 119 divide 36220?
False
Is 6944 a multiple of 15?
False
Is 75 a factor of 24600?
True
Is 81 a factor of 7661?
False
Is 20838 a multiple of 14?
False
Does 11 divide 1282?
False
Is 79 a factor of 3713?
True
Does 6 divide 24039?
False
Does 16 divide 917?
False
Does 2 divide 10453?
False
Is 32 a factor of 2831?
False
Is 38 a factor of 2525?
False
Is 518 a multiple of 74?
True
Is 42 a factor of 19741?
False
Does 50 divide 98?
False
Does 5 divide 65?
True
Is 15 a factor of 3315?
True
Does 8 divide 160?
True
Is 154 a multiple of 3?
False